luate 4 + (-12 - -9) + (3 - 1) + -21.
-18
Evaluate -1 + 4 - (-11 + (1 - -17) + -8).
4
What is the value of -15 - (-11 - (6 + -10))?
-8
What is 6 - (-5 - ((12 - 6) + 3))?
20
(-57 + 53 - (-4 + 14)) + 45
31
Calculate 10 + -3 + (14 - 27).
-6
What is 21 - (-2 + (6 - -2))?
15
-3 + (-3 - (-12 + -10 + 3))
13
What is the value of (248 - 233) + (-1 - 2 - 25)?
-13
What is -1 - (9 + -5 + (10 - 6 - 19))?
10
Calculate (-4 - (22 + -10)) + (8 - 1).
-9
Calculate 4 + (-22 - -1) + (9 - 1).
-9
What is the value of 0 + 9 + -8 + -4 + 13 + -7?
3
What is the value of -5 - (8 - 9) - 0 - (4 - 7)?
-1
Evaluate 106 + -89 - (1 + 12).
4
Evaluate (-4 - (-40 + 27)) + -22.
-13
What is the value of (1 - 29) + (-125 - -138)?
-15
What is 1 + -1 - (6 - 3) - (-1429 - -1395)?
31
Calculate 0 + -10 + (14 - 12).
-8
What is the value of -7 + (8 - 7 - -6 - 9)?
-9
What is the value of -13 - (5 - (14 + -3) - (31 + -35))?
-11
What is the value of 5 + (-32 - (-15 + -1)) + 6?
-5
What is -36 + (-31 - -47 - -38)?
18
What is -7 + 31 + -10 - 23?
-9
Calculate 0 - -1 - (-7 + -7 - (14 + -25)).
4
What is 30 + (-3 - 2 - 2) + 6?
29
What is 5 + -28 + -15 - -23?
-15
-133 + 159 + 2 + -16
12
What is -7 + (-4 - 4 - 2 - -10)?
-7
Evaluate (-7 + 8 - 24) + 16.
-7
Evaluate -13 + 11 + -5 + -1 + 2.
-6
What is 9 + 1 - ((-28 - -24 - -11) + -2)?
5
22 - 15 - -27 - 18
16
Evaluate -113 + 77 + 43 + -7.
0
24 + 0 - (106 + -117 - (-4 + -12))
19
Calculate (16 - 41) + (107 - 61).
21
Calculate -63 + 60 - (-6 - -3 - -4).
-4
Evaluate -3 + -1 + 8 + 20 + -24 + -6.
-6
7 - (-16 - -36 - 29)
16
4 + -38 + -9 + (15 - 3) - 1
-32
Calculate (6 - (2 - -13)) + -5 + 0.
-14
What is -13 - -1 - (24 + -15 + -15)?
-6
What is -37 + (9 - -6 - (-5 + -4 + 17))?
-30
What is the value of 0 - -23 - (-7 + 49)?
-19
What is (-9 - -22) + -4 - (1 + 15)?
-7
(-19 - -25 - 1) + -6 + (-1 - -1)
-1
Evaluate (10 - (-15 + 13)) + -23.
-11
Evaluate (-5 - -17 - -5) + -9.
8
Evaluate -13 + 2 + -4 - -7 - 4.
-12
What is the value of 4 + -2 + -1 + (-25 - (3 + -11))?
-16
Evaluate -8 + (-5 - (-21 + 14)).
-6
What is 2 - -4 - (-20 - -22)?
4
Evaluate 28 - (-17 + 19 + -1 + -3).
30
8 - (2 + 7 + 10 - 28)
17
Evaluate 16 + -16 + -1 + -13 + 0.
-14
Calculate 7 - (29 + (-10 + 15 - -3) + -12).
-18
Calculate 0 + 0 + -15 - (-32 - 12).
29
What is the value of (-8 + 3 - -3) + 7 + 1?
6
What is -19 - -20 - (-14 - -21)?
-6
What is the value of 7 - (-11 + -8 + 22)?
4
Calculate (-1 + -9 - (74 - 95)) + -6.
5
What is -35 - -4 - (10 + (-7 - 13) + 7)?
-28
Evaluate -1 + -6 - (42 - 58).
9
What is the value of (-3 - -2 - -8 - 10) + (3 - 5)?
-5
Evaluate 20 + 1 + -1 - (-1916 + 1927).
9
Calculate -39 + 98 + (14 - 43).
30
What is the value of 1 - (13 - 17 - -5 - -4)?
-4
90 - 62 - (9 - -5)
14
Calculate (3 - (12 - 9)) + -21 + 7.
-14
Evaluate (-3 - 7) + 23 + (13 - 33).
-7
Calculate -3 + (-20 - -18 - -28).
23
Evaluate -19 + (1 - 18) + (-1 - -23).
-14
Calculate 5 - (7 + 2 + 6 + -9 - 6).
5
What is (-13 + 9 - 3) + (-13 - -10)?
-10
25 - 3 - (48 - 13)
-13
0 - 1 - (0 - -18) - (63 + -69)
-13
Calculate -13 - (0 - -1) - (25 + -57 + 30).
-12
What is the value of 0 + 28 + -1476 + 1434?
-14
What is the value of 6 + -1 + -2 + 3 + 18 + -19?
5
What is the value of (-199 - -206) + 0 + -19?
-12
What is (15 + -53 - (0 - 6)) + 13?
-19
What is 10 - -8 - (-6 + 3 - -9)?
12
5 + -5 + (-1 - -16) + (-9 - -3)
9
What is the value of -1 + (5 - -2) - (28 - (15 + 1))?
-6
-8 + (16 - 13 - (-3 - -10)) - -2
-10
What is -1502 + 1504 - (2 + -1 + -8)?
9
15 + -28 + 1 + 24 + 2
14
4 - (-3 + -1 - -19 - (8 - 2))
-5
What is (-11 - 1) + 2 - (-7 + -14 + -3)?
14
What is 239 + -253 - (-6 + 4 + -18)?
6
What is the value of (20 - 5 - 4) + (-36 - -35)?
10
What is (-176 - -155) + (0 - -1) + (6 - 4)?
-18
26 - (-3 - (-2 + -18 + 9))
18
What is 4 + (9 - (6 - -2) - 15)?
-10
What is (30 - 21) + (6 - 29)?
-14
Evaluate -7 + -16 + 8 + 13.
-2
Calculate 29 - 39 - (-11 - 0).
1
Calculate -285 + 280 + (0 - 2 - (0 - 0)).
-7
What is 15 - ((13 - -23) + -19)?
-2
What is the value of (-2 - 13) + 15 + 2?
2
Evaluate 11 - (-8 + 3 + 3).
13
What is the value of (17 - 8) + -7 + 8 + -31?
-21
Evaluate -27 + -4 + 6 + 19 + -14.
-20
Calculate 5 + -7 + 13 + -8.
3
Evaluate 3 + 2 + (5 - 3 - 7) + 10.
10
Calculate (-16 + 6 + 5 - -9) + (1 - 15).
-10
(-2 - -3) + (13 + 0 - 7)
7
Calculate 2 + 0 + -15 + (-30 - -22 - -8).
-13
490 + -474 - (0 - -4) - (1 + -5)
16
What is (-80 - 22) + 109 + -3 + (-1 - -1)?
4
What is the value of 13 + 13 - 11 - 11?
4
Evaluate -12 - (-15 + 2 + 2).
-1
What is 11 - (-17 + 38 - 16 - (2 + -5))?
3
Evaluate (2 - (2 - 2)) + -4 + (-189 - -192).
1
What is the value of (-4 + 10 - -2) + (-2 - 4)?
2
Calculate -25 + 20 + (-3 - ((16 - 3) + 1)).
-22
What is the value of (0 - 18) + -137 + 168?
13
Evaluate -40 + 35 + (4 - 2 - (0 - -17)).
-20
3 + (-18 - -10) + 2
-3
9 + -10 + -5 + 3
-3
What is -12 + -28 - (3 - 26)?
-17
What is the value of (-16 - (-54 - -62)) + (8 - 3)?
-19
-42 + 24 + 16 + (1 - 4)
-5
What is the value of 9 + -2 + (101 - 116)?
-8
Calculate 28 + (18 - 0 - 46).
0
Calculate (-12 + 4 - -11) + -11.
-8
Evaluate -6 + (-118 + 123 - (3 + (-2 - 2))).
0
What is the value of -12 - 16 - -4 - (-1 + -1 + -5)?
-17
Evaluate -689 - -685 - (-1 - 14).
11
7 + (-7 - -6) + (-13 - -6)
-1
(6 - (30 - (0 + 7))) + 8 - -4
-5
What is 3 - ((11 - 5) + 2 - 19)?
14
-1 + 9 + (-56 - -55) - 10
-3
Calculate 0 + 1 - (-1 + (7 - -1 - 7)).
1
Calculate -26 - -26 - (-1 - 2).
3
What is the value of (8 - (3 + 6 + 6)) + 23?
16
Evaluate -4 - 7 - ((7 - 23) + -1).
6
Evaluate (4 + -15 - (-22 + 7)) + 0 + -15.
-11
7 + (-15 + 1 - -1) - -10
4
What is the value of (63 - 22) + (-31 - -17)?
27
Calculate 1 - 8 - (-20 + 10) - -2 - -1.
6
Calculate 17 + 17 + -10 + (-5 - -2) + -3.
18
(8 - 3) + 0 - (-8 + 4 - 2)
11
16 + -7 + -31 + 14
-8
Evaluate -10 + -1 + 36 + 9 + 3.
37
What is -4 - -1 - -1 - (199 + -185)?
-16
(-1 - -8) + 10 - (2 + 3)
12
Evaluate 20 + 0 - (686 + -664 - (1 + 23)).
22
(2 - -11) + -8 - (10 - 2)
-3
What is the value of (14 - 33) + (4 + 14 - 4 - 4)?
-9
Evaluate 2 + (-17 - -6) - -17.
8
What is the value of -7 - (4 + -1 + (174 - 172)) - 12?
-24
-2 + 7 + -12 + -3
-10
What is 3 + 1 + ((-8 - 0) + 15 - 10)?
1
What is -7 - -8 - 8 - (-1 - -2)?
-8
What is the value of (3 - (2 + 1)) + (7 - 1) + 20?
26
Evaluate -16 - (19 + -20 + -15) - (-25 + 0).
25
What is the value of 0 + (9 - (28 - 9))?
-10
What is 1 + (-11 - -8 - -1) - -10?
9
What is -3 - 22 - (-13 - -9)?
-21
What is -2 + 1 - -20 - (-244 + 282)?
-19
What is the value of 3 + 0 - (-1 + 2 + -10)?
12
22 - 16 - ((-2 - (-6 - -1)) + -3)
6
1 + 1 - (13 + (-2 - (-13 + 30)))
8
Calculate (291 - 310) + 24 + 2.
7
What is -3 + -14 + (-3 + 7 - 0)?
-13
Calculate (-8 - (-7 + 13 + -10)) + -3 - -35.
28
Evaluate 3 - (-5 - ((7 - 16) + 6) - -6).
-1
Evaluate 22 + -18 + -6 + 11 + -1 + -33.
-25
What is the value of -48 - (-49 - (10 - 28))?
-17
(0 - ((-39 - -41) + (2 - 12))) + -4
4
1 + -12 - -9 - (10 - -15)
-27
8 - 2 - (18 + -20)
8
What is 3 + 22 + -21 + (-1 - (-2 - 3))?
8
What is the value of (-5 - -14 - (4 - 1)) + (-12 - -7)?
1
Calculate -5 + 1 + -2 - (-7 + (7 - -8)).
-14
Evaluate 23 + (6 - (-11 + 18 - -2)).
20
3 - (12 + -8) - (-1 + -2 - 2)
4
Calculate (6 - 4) + 6 + -6.
2
What is the value of -4 - 0 - (-1 - (10 - (0 + 3)))?
4
Evaluate (-9 - ((-9 - 3) + -4 + 6)) + 28.
29
-44 + 29 + (-7 - 1 - -2)
-21
Calculate 1 + (4 - (23 - -1)) - (33 + -34).
-18
What is -30 + 29 + (-1 - 2) + -2?
-6
What is the value of -45 + (57 - 19) - -34?
27
Calculate -11 - (12 + -37) - 17.
-3
What is the value of -16 - (4 + -6 + 0 + 16)?
-30
What is (1 - -21) + (-36 - 21) + 58?
23
What is -3 + (6 - 3 - (28 - 20)) - 17?
-25
What is the value of -33 - -20 - -19 - (-2 + 11 + 1)?
-4
Evaluate -25 + (-12 - -37) + -21.
-21
Calculate 23 - (-4 + (16 - -2)).
9
(21 - (6 - -15)) + (-6 - (3 - 6))
-3
Evaluate (-5 + 1 - -5) + 7 - (1 - 1).
8
Calculate 3 + (2 + -4 - (-1 - -3) - -1).
0
Calculate -5 - -13 - -5 - 4.
9
What is 0 - (0 - 0) - (125 - 121)?
-4
Calculate 38 + (-30 - (34 - 36)).
10
Calculate 26 - (12 + -8 - -38).
-16
What is (14 - (4 - 17 - -6)) + (-1 - 0)?
20
Calculate (-352 - -332) + (1 - -23) - 41.
-37
-8 - -3 - (-26 + 17) - -16
20
What is 68 - ((72 - 28) + -3)?
27
What is the value of ((4 - 2) + 0 - (-134 - -133)) + -18?
-15
Evaluate 4 + 30 - 15 - 30.
-11
Calculate (-9 - 1) + -59 + 37 + 11.
-21
(-25 - -23) + (0 - -15) + 8 + -1
20
What is 32 